late -3 + 9 - 3 - (5 + -1).
-1
What is 5 + -4 + -1 - 3?
-3
Evaluate -3 + 0 - (-16 + 15).
-2
-2 + (-10 - (-9 - -5))
-8
Calculate 0 - (-5 + 2) - (-2 + 0).
5
Evaluate 8 + (2 - 6) - 10 - -2.
-4
What is -4 - (1 + -4 - -4)?
-5
What is 53 + -54 + -3 + 3 + 0?
-1
Calculate 6 - (-7 + 7 + 2 + 1).
3
-10 + -2 + 10 + -8
-10
What is the value of 2 - -2 - (5 + 0 + 2)?
-3
Calculate 4 + 0 - (1 + 1).
2
1 + (16 + -8 - (1 + 2))
6
What is (2 - 7 - -4) + -2 - 3?
-6
(-8 - -2) + -2 + 9 + -4
-3
-6 + -1 + 5 - (1 + -1)
-2
5 + -1 + (4 - 16) - -4
-4
What is the value of (11 - 4) + 6 - 6?
7
What is the value of -4 + 0 + 2 + 1 + 0?
-1
What is the value of 1 - 2 - (-29 + 32)?
-4
What is the value of -3 + 3 + (1 - (1 - 0))?
0
What is the value of -3 + -7 + -2 + 8?
-4
Evaluate 2 - (12 - 3) - -7.
0
-14 + 13 + (-1 - 1)
-3
(-1 + 3 - -3) + -1 + -3
1
-5 + (7 - 3) - (1 - -5)
-7
What is (21 - (20 - 10)) + -8?
3
What is the value of 0 - 0 - (-166 - -158)?
8
What is 0 + 8 - (-3 + 2 + 10)?
-1
Calculate 6 + 0 + 2 + -6 + -3.
-1
Calculate -4 - -6 - (7 - 3).
-2
What is (4 + 0 - 5) + (-1 - 1)?
-3
What is the value of (16 - -9) + -12 - 6?
7
(4 - (-17 - -9)) + -9
3
Calculate 5 + 1 + -11 + -6 + 7.
-4
Calculate 5 + -8 + -5 - -5.
-3
Calculate -2 - -12 - (-57 + 59).
8
(-6 - (3 + (-18 - -5))) + -7
-3
Calculate -7 - (-2 - 2) - -1.
-2
What is the value of 1 + (2 + -1 + 2 - -1)?
5
What is the value of 0 + 3 - (12 + (-7 - 7))?
5
What is the value of -7 + 1 - -3 - -4 - -1?
2
(7 - 9) + (-6 - (-11 - -5))
-2
What is -4 - (4 + 2 + -13)?
3
What is the value of 0 + -3 + -1 + 6 + -4?
-2
-1 - (-1 + (-1 - (-1 + 2)))
2
What is the value of -3 - (-1 + 7 + -10)?
1
Evaluate -3 - 5 - (7 - 12).
-3
Calculate 0 - (-3 - 8 - -4 - -3).
4
Evaluate 42 + -44 - (3 - 0).
-5
What is (7 - 6 - -3 - -2) + 4?
10
What is the value of 1 + 5 - (59 + -54)?
1
Calculate 17 - 9 - 12 - 3.
-7
Calculate -1 - -1 - (11 + -6).
-5
What is the value of 0 + (-1 - 0) - (-1 + 3)?
-3
Calculate -7 + 1 + 2 + -18 + 16.
-6
-5 + 0 + (-25 - -28) + -3
-5
What is the value of 5 + 3 + -9 - (1 + -6)?
4
Calculate -7 + 7 - -1 - (-1 + 0).
2
Evaluate (12 - 1) + -4 - (2 - -1).
4
What is 0 - (1 - 0 - (2 - -5))?
6
Calculate 14 + -3 - (2 + 4).
5
What is 9 + 4 + -6 + -7?
0
Calculate (-2 - (-12 - -5)) + (2 - 0).
7
(0 - 8) + (5 - 1)
-4
What is (0 - 1) + 0 + 3?
2
What is -10 - (-1 - (2 - -8))?
1
What is the value of 8 + -2 + -12 + 2 + -5?
-9
Evaluate 3 - (0 - (1 - 3)).
1
What is the value of 0 - (-2 - (-4 + 0) - -5)?
-7
What is (0 - 1) + 5 + -2 + 2?
4
Calculate 2 - (3 + 1 + -5 - -1).
2
What is 0 + 2 + (0 - 3)?
-1
Evaluate -7 + 1 - (-7 - -4).
-3
-134 - -129 - (-1 + -10)
6
What is -3 + (-4 - (6 + -19 - -3))?
3
Calculate (8 + -3 - 4) + -1.
0
Evaluate 4 - (-2 + 0 + 5).
1
11 - (13 + -5) - -1
4
What is 0 - (6 - (0 + 7))?
1
Evaluate 33 - 44 - (-1 + -8).
-2
What is the value of (7 - -3) + (-7 - -1)?
4
What is the value of -7 - (-3 - (3 - 0))?
-1
Calculate 9 - (3 + -1) - 3.
4
What is 2 + (-26 - -13) + 4?
-7
Evaluate (0 - 3) + -9 + 15 + 0.
3
Calculate -4 + (11 - 1) + -4 + 5.
7
Calculate 1 + 4 - (7 - 8) - 5.
1
Calculate -11 + 6 - -11 - 2.
4
3 - (3 + 2 + 0)
-2
What is 44 - 33 - (-1 + 14)?
-2
Calculate 4 + (0 - 8) - -1.
-3
What is the value of -1 + 8 + -10 + 0?
-3
Calculate (0 - (3 - 0)) + 8.
5
Calculate (51 - 47) + (0 - 2).
2
What is the value of -12 - -7 - (-4 - 2)?
1
(-6 - -13) + (3 - 0) + -17
-7
Calculate 12 + 26 + -14 + -33.
-9
Evaluate -7 - (-4 - -2) - -9.
4
Calculate -2 + (-2 - -5) + (-14 - -9).
-4
What is the value of -3 + (1 - ((-8 - -4) + 1))?
1
Evaluate -1 + (-1 - -1) + -1 + -2.
-4
What is the value of (-1 - (-14 + 6)) + -9?
-2
What is (4 - 1 - 0) + -2?
1
What is the value of 0 + (7 - 6 - 5)?
-4
Evaluate (5 - 9) + -9 - -7.
-6
(-38 - -38) + 1 + -3
-2
Evaluate 22 + -25 - (7 - 4).
-6
Calculate -4 + (3 - (4 - 1)) + 0.
-4
What is the value of (4 - (3 + (-7 - -4))) + -5?
-1
Evaluate 3 - 5 - -2 - 0.
0
What is 1 - -3 - 0 - (-20 + 23)?
1
Evaluate (0 - 1) + 0 + (-11 - -7).
-5
What is the value of -4 + (-3 + -2 - -3) + 5?
-1
Evaluate 1 + -7 - (1 - 11).
4
Evaluate -16 - -2 - (-44 + 34).
-4
What is (-14 - -4) + 11 + -1 + 0?
0
Evaluate 8 + 6 + -7 - 12.
-5
Calculate 2 - ((2 + -3 - 2) + 7).
-2
What is the value of 1 - (-1 - 1) - 0 - 1?
2
(-63 - -68) + 0 + 1 + -1
5
What is the value of -2 - (1 + (0 - 4) - -2)?
-1
What is the value of -7 + 3 + 6 - 1?
1
What is -4 + 1 + -5 + 5?
-3
What is the value of -2 + (2 - -2) + -2 + 4?
4
What is the value of 11 - (-4 - (-8 + -5))?
2
Evaluate (0 - (6 - (12 + 0))) + -7.
-1
-2 + -9 + 7 + 4
0
What is the value of -1 + (-2 - (-10 - -4))?
3
-1 + 3 + -6 + -1 - -4
-1
Calculate 7 + -4 + -9 - -1.
-5
Evaluate -5 - (-6 + 5 - 6).
2
What is 119 + -108 - (1 - -18)?
-8
What is the value of -6 + (6 - (9 - 5))?
-4
Evaluate (6 - 4) + 0 + (-1 - 0).
1
What is the value of 7 - (16 - 1 - (-14 + 20))?
-2
Evaluate (-2 - (-1 - 2)) + (6 - 9).
-2
Calculate 3 + 0 + 5 + -3 + 1.
6
Evaluate -3 + -1 + 3 + 1.
0
What is the value of 2 + -1 + 0 + -3?
-2
What is the value of (10 - (24 - 8)) + (11 - 2)?
3
What is 3 + 1 - (-10 + 17) - -4?
1
What is -6 + (1 - 1 - (6 - 7))?
-5
What is the value of (0 - -1) + (-2 - -5) - 2?
2
(-5 - -9) + -7 + -1 + 0
-4
(-2 - 0 - 0) + -1 + -1
-4
Calculate (1 - -1 - -3) + -9.
-4
What is (-9 - -2 - 0) + (12 - 1)?
4
Calculate -1 + 6 - (9 - 10) - 3.
3
3 - (-6 + (-2 - (8 + -13)))
6
Evaluate 3 + 11 + -9 + (-1 - 2).
2
10 - 6 - (2 + -10 + 5)
7
What is -2 + (-4 - -8) + -3?
-1
Evaluate -14 + -6 + 6 - -9.
-5
Calculate 14 - -4 - 8 - 9.
1
What is the value of 9 + (5 - 21) + 9?
2
-7 - (-9 + 3 + -5)
4
What is -3 + (4 - 4) + -2?
-5
-2 - 3 - -9 - (5 + -1)
0
Evaluate (-3 - 1) + 7 + 1.
4
What is the value of 17 + -13 + (-2 - -3) - 2?
3
Evaluate 7 + (5 - 6 - 4).
2
What is the value of 8 + -5 - (0 - 1)?
4
What is the value of -3 + 3 + (5 - (6 + -3))?
2
What is the value of (3 - 5 - 0) + -1 + -2?
-5
Calculate 4 + -3 - -2 - (1 - 2).
4
-17 + 27 + -13 - (-1 - 1)
-1
Calculate -4 + -1 - (307 + -317).
5
What is the value of -3 + (-5 - -4) - 0?
-4
What is -2 + -9 - -11 - 3?
-3
Evaluate (-6 - (3 + -6)) + (-7 - -5).
-5
What is 10 - (1 + 4 + -7) - 6?
6
What is the value of 0 + -1 + 4 - (-218 + 227)?
-6
What is (17 - 29) + (3 - (-2 - 2))?
-5
Calculate -45 + 42 + 8 + -2.
3
What is the value of 26 + -22 + (-4 - (-4 - -3))?
1
Calculate (3 - -2) + 7 + -7 + -5.
0
Calculate 0 - -1 - (-5 + 4 + -4).
6
Evaluate 1 + 15 + -1 + 9 + -14.
10
What is 1 + 2 - (44 - 45)?
4
What is 2 + (-9 - -3) + 3 + -5?
-6
What is 3 - (6 + -13 - (-6 + -3))?
1
What is the value of 2 + -1 - (-1 - 1) - -5?
8
What is (9 - 2) + -3 + (-11 - -13)?
6
19 + (12 - (-9 + 32))
8
Evaluate (-2 - (2 + -3 + -3)) + -2.
0
What is the value of 1 + (-9 - -4) - -7?
3
Calculate (6 - 9 - 5) + 7.
-1
(-10 - -2) + 20 - 3
9
Calculate 5 + -12 + 2 + (5 - 0).
0
13 - 1 - 19 - 2
-9
Calculate -1 - -7 - (-25 - -27).
4
Calculate -4 + -3 - (0 - 5).
-2
What is the value of -8 + 4 - (2 + 2 + -2)?
-6
7 - (-5 + -1 + 2 + 7)
4
What is the value of -2 + (0 - -2) + 3?
3
-4 + (-1 - 1 - (24 + -28))
-2
What is (-2 - (-9 + 3)) + -3 - -2?
3
What is -19 - (-14 - -6 - 3)?
-8
What is 11 + -8 - (0 - 2 - -2)?
3
What is the value of -5 + (2 - -6) - -3?
6
What is 2 + (-5 + 6 - 3)?
0
Calculate -1 + -7 - (-2 + (5 - 9)).
-2
What is 5 + (-6 - (0 - 2))?
1
Calculate 9 - (6 - 3) - 4.
2
Evaluate -2 - (3 + 2 + (-1 - 2)).
-4
What is the value of (15 - (-14 - -40)) + 4?
-7
Calculate (2 - (-1 - -3)) + 6 - 2.
4
Evaluate -5 - (-6 - (3 - 1)).
3
What is 1 + 3 + -1 + (2 - 5)?
0
What is the value of 1 - (-1 + 4 + (3 - 4))?
-1
Evaluate 0 - (-1 - (-3 - 4 - -5)).
-1
Calculate (16 - 21) + (10 - 0).
5
Calculate 4 - (-3 + 1 + 3).
3
What is the value of -4 - (-4 + 1) - (-2 - -4)?
-3
What is the value of 1 - -7 - ((-4 - 9) + 18)?
3
What is (11 - (4 + 0 - 6)) + -8?
5
What is 0 - (3 + 1 + 0 - 1)?
-3
What is 2 - -4 - (-1 - (-8 - -3))?
2
-8 + (-6 - -10) + -3
-7
Evaluate (-7 - -2 - -4) + 3.
2
Evaluate (-2 - 4) + (3 - 0).
-3
111 - 115 - (-1 + -1)
-2
Evaluate -7 - (-1 - (1 - 4)) - -8.
-1
Evaluate (-1 - -3) + (3 - 7).
-2
-2 + -2 - (10 - 5 - 8)
-1
Calculate 1 - (-2 + (3 + -1 - -5)).
-4
What is -4 - 0 - (-3 + -1)?
0
7 + -5 + 5 + -7
0
8 + -2 + (0 + -1 - 2)
3
What is the value of 0 + (11 - (0 - -1)) + -4?
6
-2 - ((-3 - (3 + -7)) + 0)
-3
Calculate (-1 - (3 + -8)) + -6.
-2
What is the value of 1 + 3 + 1 + 3 + -5?
3
(-4